{"id":133,"date":"2015-10-19T21:39:04","date_gmt":"2015-10-19T19:39:04","guid":{"rendered":"http:\/\/fichtenblatt.de\/?page_id=133"},"modified":"2018-02-08T19:02:37","modified_gmt":"2018-02-08T18:02:37","slug":"gastbeitraege","status":"publish","type":"page","link":"https:\/\/fichtenblatt.de\/?page_id=133","title":{"rendered":"Gastbeitr\u00e4ge"},"content":{"rendered":"<p style=\"text-align: justify;\">Wir freuen uns \u00fcber alle Gastbeitr\u00e4ge inhaltlicher Art, die bei uns eingehen, allerdings werden wir keine rein selbstdarstellerischen Texte von Gruppen oder Einzelpersonen, sowie rassistische oder diskriminierende Beitr\u00e4ge &#8211; egal ob homophob, sexistisch oder sonst was &#8211; ver\u00f6ffentlichen.<br \/>\nWir bitten darum, dass alle eingereichten Texte gegendert werden, d.h. beispielsweise &#8222;Sch\u00fcler*innen&#8220; anstelle von &#8222;Sch\u00fclern oder Sch\u00fclerinnen&#8220;.<br \/>\nSollte dies nicht der Fall sein, beh\u00e4lt die Fichtenblatt-Redaktion sich das Recht vor, dies im Nachhinein zu \u00e4ndern.<\/p>\n<p>Sendet uns Eure Gastbeitr\u00e4ge gerne an:<br \/>\n<em><strong>fichtenblatt@fichtenberg-oberschule.net<\/strong><\/em><\/p>\n","protected":false},"excerpt":{"rendered":"<p>Wir freuen uns \u00fcber alle Gastbeitr\u00e4ge inhaltlicher Art, die bei uns eingehen, allerdings werden wir keine rein selbstdarstellerischen Texte von Gruppen oder Einzelpersonen, sowie rassistische oder diskriminierende Beitr\u00e4ge &#8211; egal ob homophob, sexistisch oder sonst was &#8211; ver\u00f6ffentlichen. Wir bitten darum, dass alle eingereichten Texte gegendert werden, d.h. beispielsweise &#8222;Sch\u00fcler*innen&#8220; anstelle von &#8222;Sch\u00fclern oder Sch\u00fclerinnen&#8220;. [&hellip;]<\/p>\n","protected":false},"author":2,"featured_media":0,"parent":0,"menu_order":0,"comment_status":"open","ping_status":"open","template":"","meta":{"footnotes":""},"class_list":["post-133","page","type-page","status-publish","hentry"],"_links":{"self":[{"href":"https:\/\/fichtenblatt.de\/index.php?rest_route=\/wp\/v2\/pages\/133","targetHints":{"allow":["GET"]}}],"collection":[{"href":"https:\/\/fichtenblatt.de\/index.php?rest_route=\/wp\/v2\/pages"}],"about":[{"href":"https:\/\/fichtenblatt.de\/index.php?rest_route=\/wp\/v2\/types\/page"}],"author":[{"embeddable":true,"href":"https:\/\/fichtenblatt.de\/index.php?rest_route=\/wp\/v2\/users\/2"}],"replies":[{"embeddable":true,"href":"https:\/\/fichtenblatt.de\/index.php?rest_route=%2Fwp%2Fv2%2Fcomments&post=133"}],"version-history":[{"count":5,"href":"https:\/\/fichtenblatt.de\/index.php?rest_route=\/wp\/v2\/pages\/133\/revisions"}],"predecessor-version":[{"id":139,"href":"https:\/\/fichtenblatt.de\/index.php?rest_route=\/wp\/v2\/pages\/133\/revisions\/139"}],"wp:attachment":[{"href":"https:\/\/fichtenblatt.de\/index.php?rest_route=%2Fwp%2Fv2%2Fmedia&parent=133"}],"curies":[{"name":"wp","href":"https:\/\/api.w.org\/{rel}","templated":true}]}}